
Calculate the remainder when 4844788 is divided by 5.
3
Calculate the remainder when 2668416 is divided by 889361.
333
What is the remainder when 92183 is divided by 4590?
383
Calculate the remainder when 20769 is divided by 3324.
825
Calculate the remainder when 9926 is divided by 87.
8
What is the remainder when 2249699 is divided by 68?
55
What is the remainder when 5722 is divided by 977?
837
What is the remainder when 3613036951 is divided by 392?
391
Calculate the remainder when 754974 is divided by 754920.
54
Calculate the remainder when 169140 is divided by 28184.
36
What is the remainder when 13522037 is divided by 563418?
5
Calculate the remainder when 35880 is divided by 4763.
2539
What is the remainder when 654246 is divided by 8178?
6
What is the remainder when 7406307 is divided by 1481149?
562
What is the remainder when 491411 is divided by 4812?
587
Calculate the remainder when 706143 is divided by 176531.
19
What is the remainder when 4456778 is divided by 81?
77
Calculate the remainder when 7080580 is divided by 8.
4
Calculate the remainder when 495071 is divided by 35.
31
What is the remainder when 115685 is divided by 103195?
12490
What is the remainder when 93921 is divided by 36?
33
What is the remainder when 467987 is divided by 4457?
2
Calculate the remainder when 23544 is divided by 959.
528
What is the remainder when 3027762 is divided by 534?
516
Calculate the remainder when 142249 is divided by 1852.
1497
What is the remainder when 1049407 is divided by 413?
387
Calculate the remainder when 16601718 is divided by 410.
408
Calculate the remainder when 15364399 is divided by 78.
37
Calculate the remainder when 113770 is divided by 2684.
1042
Calculate the remainder when 21321 is divided by 3760.
2521
Calculate the remainder when 3252591 is divided by 1628.
1475
What is the remainder when 323888 is divided by 66?
26
What is the remainder when 118642 is divided by 1521?
4
Calculate the remainder when 628043 is divided by 1218.
773
What is the remainder when 37556829 is divided by 7?
2
Calculate the remainder when 1908798 is divided by 61573.
35
What is the remainder when 483891 is divided by 481619?
2272
Calculate the remainder when 75630 is divided by 498.
432
Calculate the remainder when 4587855 is divided by 322.
321
What is the remainder when 121638 is divided by 39291?
3765
Calculate the remainder when 1961432 is divided by 422.
398
What is the remainder when 23065994 is divided by 23065971?
23
Calculate the remainder when 46577037 is divided by 24670.
77
What is the remainder when 30526446 is divided by 2037?
2001
Calculate the remainder when 60736 is divided by 1902.
1774
Calculate the remainder when 220332 is divided by 73420.
72
What is the remainder when 126585 is divided by 15265?
4465
What is the remainder when 7154470 is divided by 26?
24
Calculate the remainder when 1913999 is divided by 956999.
1
Calculate the remainder when 53665 is divided by 2235.
25
What is the remainder when 267645 is divided by 1859?
1808
Calculate the remainder when 159413 is divided by 590.
113
What is the remainder when 2486442 is divided by 2665?
2662
What is the remainder when 6966217 is divided by 1532?
213
Calculate the remainder when 26424790 is divided by 1242.
1240
What is the remainder when 853916 is divided by 335?
1
Calculate the remainder when 2388779 is divided by 4213.
8
What is the remainder when 7491900 is divided by 56?
52
Calculate the remainder when 56437 is divided by 898.
761
What is the remainder when 47455 is divided by 313?
192
What is the remainder when 6009837 is divided by 21?
15
Calculate the remainder when 32989 is divided by 32977.
12
Calculate the remainder when 12061711 is divided by 45862.
5
Calculate the remainder when 4193004 is divided by 1042.
1038
What is the remainder when 35724867 is divided by 263?
262
Calculate the remainder when 1995225 is divided by 128.
89
Calculate the remainder when 811606 is divided by 65.
16
Calculate the remainder when 792067 is divided by 602.
437
What is the remainder when 36871 is divided by 18415?
41
What is the remainder when 7709 is divided by 2250?
959
Calculate the remainder when 1389177 is divided by 198451.
20
Calculate the remainder when 656003 is divided by 45.
38
Calculate the remainder when 1176285 is divided by 1175998.
287
Calculate the remainder when 68619 is divided by 7531.
840
What is the remainder when 444173 is divided by 2019?
2012
Calculate the remainder when 116208207 is divided by 30.
27
Calculate the remainder when 2296419 is divided by 9097.
3975
Calculate the remainder when 761932 is divided by 6186.
1054
What is the remainder when 1663831 is divided by 20022?
2005
What is the remainder when 805406 is divided by 16?
14
Calculate the remainder when 105545 is divided by 6600.
6545
What is the remainder when 47794578 is divided by 76106?
10
What is the remainder when 216067 is divided by 71537?
1456
Calculate the remainder when 155620 is divided by 1622.
1530
Calculate the remainder when 3966918 is divided by 2064.
1974
Calculate the remainder when 93008 is divided by 512.
336
What is the remainder when 2617012 is divided by 12?
4
What is the remainder when 116660 is divided by 115140?
1520
What is the remainder when 38158339 is divided by 169?
167
What is the remainder when 4509343 is divided by 80?
63
What is the remainder when 5965571 is divided by 6106?
9
What is the remainder when 12107 is divided by 932?
923
What is the remainder when 818386499 is divided by 146?
143
Calculate the remainder when 1847783 is divided by 8476.
15
What is the remainder when 980184 is divided by 1216?
88
What is the remainder when 2549662 is divided by 894?
868
Calculate the remainder when 675086 is divided by 1075.
1061
What is the remainder when 156549 is divided by 17394?
3
What is the remainder when 67776 is divided by 443?
440
Calculate the remainder when 282309 is divided by 2880.
69
Calculate the remainder when 9796 is divided by 2339.
440
What is the remainder when 1017660 is divided by 1210?
50
Calculate the remainder when 7502920 is divided by 166730.
70
What is the remainder when 5632715 is divided by 81633?
38
What is the remainder when 39679439 is divided by 80?
79
What is the remainder when 62367943 is divided by 304?
215
Calculate the remainder when 935447 is divided by 1692.
1463
What is the remainder when 99768 is divided by 240?
168
Calculate the remainder when 984408 is divided by 1983.
840
What is the remainder when 152292 is divided by 2719?
28
What is the remainder when 37228 is divided by 3374?
114
Calculate the remainder when 39809162 is divided by 163.
161
What is the remainder when 63663500 is divided by 647?
641
What is the remainder when 85404644 is divided by 24?
20
What is the remainder when 38396372 is divided by 1189?
1184
Calculate the remainder when 407673 is divided by 74.
7
What is the remainder when 1936092 is divided by 1796?
4
What is the remainder when 662845 is divided by 22?
7
Calculate the remainder when 6439 is divided by 1793.
1060
What is the remainder when 5501072 is divided by 520?
512
Calculate the remainder when 8582623 is divided by 8582613.
10
Calculate the remainder when 561737 is divided by 139.
38
What is the remainder when 10156838 is divided by 191638?
24
Calculate the remainder when 6726216 is divided by 17.
13
Calculate the remainder when 4373296 is divided by 109.
107
Calculate the remainder when 129674 is divided by 671.
171
Calculate the remainder when 22721626 is divided by 3663.
37
What is the remainder when 257042 is divided by 37?
3
Calculate the remainder when 5215309 is divided by 873.
7
Calculate the remainder when 1641984 is divided by 2398.
1752
Calculate the remainder when 278692 is divided by 882.
862
Calculate the remainder when 668721 is divided by 12382.
93
Calculate the remainder when 896556 is divided by 12989.
315
Calculate the remainder when 6137979 is divided by 94.
61
Calculate the remainder when 5316634 is divided by 408971.
11
What is the remainder when 1257678 is divided by 50307?
3
Calculate the remainder when 3624017 is divided by 563.
549
What is the remainder when 160415 is divided by 330?
35
Calculate the remainder when 12417970 is divided by 1043.
12
What is th